{"id":1255,"date":"2022-12-27T11:45:04","date_gmt":"2022-12-27T11:45:04","guid":{"rendered":"http:\/\/ezat.fun\/?page_id=1255"},"modified":"2022-12-27T11:45:04","modified_gmt":"2022-12-27T11:45:04","slug":"cennik","status":"publish","type":"page","link":"https:\/\/ezat.fun\/?page_id=1255","title":{"rendered":"Cennik"},"content":{"rendered":"\n<p>CENNIK 2022 Wypo\u017cyczalnia Stroj\u00f3w w Bochni <strong>EZAT<\/strong><\/p>\n\n\n\n<figure class=\"wp-block-table\"><table><tbody><tr><td>Mo\u017cliwo\u015b\u0107 p\u0142atno\u015bci kart\u0105<\/td><td class=\"has-text-align-right\" data-align=\"right\"><strong>Ju\u017c wkr\u00f3tce<\/strong><\/td><\/tr><tr><td>Kwoty Wypo\u017cyczenia<\/td><td class=\"has-text-align-right\" data-align=\"right\">Wszystkie ceny s\u0105 kwotami Brutto<\/td><\/tr><tr><td>Stroje Dla doros\u0142ych<\/td><td class=\"has-text-align-right\" data-align=\"right\">od <strong>40 z\u0142<\/strong> do <strong>100 z\u0142<\/strong><\/td><\/tr><tr><td>Stroje dla dzieci<\/td><td class=\"has-text-align-right\" data-align=\"right\">od <strong>30 z\u0142<\/strong> do <strong>50 z\u0142<\/strong><\/td><\/tr><tr><td>Okres Wypo\u017cyczenia<\/td><td class=\"has-text-align-right\" data-align=\"right\"><strong>3 doby w cenie 1<\/strong><\/td><\/tr><tr><td>Kaucja<\/td><td class=\"has-text-align-right\" data-align=\"right\"><strong>0 z\u0142<\/strong> przy wypo\u017cyczeniu <strong>(10 z\u0142 przy rezerwacji)<\/strong><\/td><\/tr><tr><td>Wypo\u017cyczenie Wysy\u0142kowe<\/td><td class=\"has-text-align-right\" data-align=\"right\">Ju\u017c Wkr\u00f3tce<\/td><\/tr><tr><td>Kaucja przy wysy\u0142ce<\/td><td class=\"has-text-align-right\" data-align=\"right\"><strong>50 z\u0142<\/strong><\/td><\/tr><\/tbody><\/table><\/figure>\n","protected":false},"excerpt":{"rendered":"<p>CENNIK 2022 Wypo\u017cyczalnia Stroj\u00f3w w Bochni EZAT Mo\u017cliwo\u015b\u0107 p\u0142atno\u015bci kart\u0105 Ju\u017c wkr\u00f3tce Kwoty Wypo\u017cyczenia Wszystkie ceny s\u0105 kwotami Brutto Stroje Dla doros\u0142ych od 40 z\u0142 do 100 z\u0142 Stroje dla dzieci od 30 z\u0142 do 50 z\u0142 Okres Wypo\u017cyczenia 3 doby w cenie 1 Kaucja 0 z\u0142 przy wypo\u017cyczeniu (10 z\u0142 przy rezerwacji) Wypo\u017cyczenie Wysy\u0142kowe &hellip; <\/p>\n","protected":false},"author":1,"featured_media":0,"parent":0,"menu_order":0,"comment_status":"closed","ping_status":"closed","template":"","meta":{"om_disable_all_campaigns":false,"_monsterinsights_skip_tracking":false,"_monsterinsights_sitenote_active":false,"_monsterinsights_sitenote_note":"","_monsterinsights_sitenote_category":0,"footnotes":""},"yoast_head":"<!-- This site is optimized with the Yoast SEO plugin v21.7 - https:\/\/yoast.com\/wordpress\/plugins\/seo\/ -->\n<title>Cennik - ezat.fun<\/title>\n<meta name=\"robots\" content=\"index, follow, max-snippet:-1, max-image-preview:large, max-video-preview:-1\" \/>\n<link rel=\"canonical\" href=\"https:\/\/ezat.fun\/?page_id=1255\" \/>\n<meta property=\"og:locale\" content=\"pl_PL\" \/>\n<meta property=\"og:type\" content=\"article\" \/>\n<meta property=\"og:title\" content=\"Cennik - ezat.fun\" \/>\n<meta property=\"og:description\" content=\"CENNIK 2022 Wypo\u017cyczalnia Stroj\u00f3w w Bochni EZAT Mo\u017cliwo\u015b\u0107 p\u0142atno\u015bci kart\u0105 Ju\u017c wkr\u00f3tce Kwoty Wypo\u017cyczenia Wszystkie ceny s\u0105 kwotami Brutto Stroje Dla doros\u0142ych od 40 z\u0142 do 100 z\u0142 Stroje dla dzieci od 30 z\u0142 do 50 z\u0142 Okres Wypo\u017cyczenia 3 doby w cenie 1 Kaucja 0 z\u0142 przy wypo\u017cyczeniu (10 z\u0142 przy rezerwacji) Wypo\u017cyczenie Wysy\u0142kowe &hellip;\" \/>\n<meta property=\"og:url\" content=\"https:\/\/ezat.fun\/?page_id=1255\" \/>\n<meta property=\"og:site_name\" content=\"ezat.fun\" \/>\n<meta property=\"article:publisher\" content=\"https:\/\/www.facebook.com\/profile.php?id=100089543403265\" \/>\n<meta name=\"twitter:card\" content=\"summary_large_image\" \/>\n<script type=\"application\/ld+json\" class=\"yoast-schema-graph\">{\"@context\":\"https:\/\/schema.org\",\"@graph\":[{\"@type\":\"WebPage\",\"@id\":\"https:\/\/ezat.fun\/?page_id=1255\",\"url\":\"https:\/\/ezat.fun\/?page_id=1255\",\"name\":\"Cennik - ezat.fun\",\"isPartOf\":{\"@id\":\"https:\/\/ezat.fun\/#website\"},\"datePublished\":\"2022-12-27T11:45:04+00:00\",\"dateModified\":\"2022-12-27T11:45:04+00:00\",\"breadcrumb\":{\"@id\":\"https:\/\/ezat.fun\/?page_id=1255#breadcrumb\"},\"inLanguage\":\"pl-PL\",\"potentialAction\":[{\"@type\":\"ReadAction\",\"target\":[\"https:\/\/ezat.fun\/?page_id=1255\"]}]},{\"@type\":\"BreadcrumbList\",\"@id\":\"https:\/\/ezat.fun\/?page_id=1255#breadcrumb\",\"itemListElement\":[{\"@type\":\"ListItem\",\"position\":1,\"name\":\"Strona g\u0142\u00f3wna\",\"item\":\"https:\/\/ezat.fun\/\"},{\"@type\":\"ListItem\",\"position\":2,\"name\":\"Cennik\"}]},{\"@type\":\"WebSite\",\"@id\":\"https:\/\/ezat.fun\/#website\",\"url\":\"https:\/\/ezat.fun\/\",\"name\":\"ezat.fun\",\"description\":\"Wypo\u017cyczalnia Stroj\u00f3w Karnawa\u0142owych w Bochnii\",\"publisher\":{\"@id\":\"https:\/\/ezat.fun\/#organization\"},\"potentialAction\":[{\"@type\":\"SearchAction\",\"target\":{\"@type\":\"EntryPoint\",\"urlTemplate\":\"https:\/\/ezat.fun\/?s={search_term_string}\"},\"query-input\":\"required name=search_term_string\"}],\"inLanguage\":\"pl-PL\"},{\"@type\":\"Organization\",\"@id\":\"https:\/\/ezat.fun\/#organization\",\"name\":\"ezat.fun\",\"url\":\"https:\/\/ezat.fun\/\",\"logo\":{\"@type\":\"ImageObject\",\"inLanguage\":\"pl-PL\",\"@id\":\"https:\/\/ezat.fun\/#\/schema\/logo\/image\/\",\"url\":\"https:\/\/ezat.fun\/wp-content\/uploads\/2022\/12\/cropped-logo.png\",\"contentUrl\":\"https:\/\/ezat.fun\/wp-content\/uploads\/2022\/12\/cropped-logo.png\",\"width\":1200,\"height\":342,\"caption\":\"ezat.fun\"},\"image\":{\"@id\":\"https:\/\/ezat.fun\/#\/schema\/logo\/image\/\"},\"sameAs\":[\"https:\/\/www.facebook.com\/profile.php?id=100089543403265\"]}]}<\/script>\n<!-- \/ Yoast SEO plugin. -->","yoast_head_json":{"title":"Cennik - ezat.fun","robots":{"index":"index","follow":"follow","max-snippet":"max-snippet:-1","max-image-preview":"max-image-preview:large","max-video-preview":"max-video-preview:-1"},"canonical":"https:\/\/ezat.fun\/?page_id=1255","og_locale":"pl_PL","og_type":"article","og_title":"Cennik - ezat.fun","og_description":"CENNIK 2022 Wypo\u017cyczalnia Stroj\u00f3w w Bochni EZAT Mo\u017cliwo\u015b\u0107 p\u0142atno\u015bci kart\u0105 Ju\u017c wkr\u00f3tce Kwoty Wypo\u017cyczenia Wszystkie ceny s\u0105 kwotami Brutto Stroje Dla doros\u0142ych od 40 z\u0142 do 100 z\u0142 Stroje dla dzieci od 30 z\u0142 do 50 z\u0142 Okres Wypo\u017cyczenia 3 doby w cenie 1 Kaucja 0 z\u0142 przy wypo\u017cyczeniu (10 z\u0142 przy rezerwacji) Wypo\u017cyczenie Wysy\u0142kowe &hellip;","og_url":"https:\/\/ezat.fun\/?page_id=1255","og_site_name":"ezat.fun","article_publisher":"https:\/\/www.facebook.com\/profile.php?id=100089543403265","twitter_card":"summary_large_image","schema":{"@context":"https:\/\/schema.org","@graph":[{"@type":"WebPage","@id":"https:\/\/ezat.fun\/?page_id=1255","url":"https:\/\/ezat.fun\/?page_id=1255","name":"Cennik - ezat.fun","isPartOf":{"@id":"https:\/\/ezat.fun\/#website"},"datePublished":"2022-12-27T11:45:04+00:00","dateModified":"2022-12-27T11:45:04+00:00","breadcrumb":{"@id":"https:\/\/ezat.fun\/?page_id=1255#breadcrumb"},"inLanguage":"pl-PL","potentialAction":[{"@type":"ReadAction","target":["https:\/\/ezat.fun\/?page_id=1255"]}]},{"@type":"BreadcrumbList","@id":"https:\/\/ezat.fun\/?page_id=1255#breadcrumb","itemListElement":[{"@type":"ListItem","position":1,"name":"Strona g\u0142\u00f3wna","item":"https:\/\/ezat.fun\/"},{"@type":"ListItem","position":2,"name":"Cennik"}]},{"@type":"WebSite","@id":"https:\/\/ezat.fun\/#website","url":"https:\/\/ezat.fun\/","name":"ezat.fun","description":"Wypo\u017cyczalnia Stroj\u00f3w Karnawa\u0142owych w Bochnii","publisher":{"@id":"https:\/\/ezat.fun\/#organization"},"potentialAction":[{"@type":"SearchAction","target":{"@type":"EntryPoint","urlTemplate":"https:\/\/ezat.fun\/?s={search_term_string}"},"query-input":"required name=search_term_string"}],"inLanguage":"pl-PL"},{"@type":"Organization","@id":"https:\/\/ezat.fun\/#organization","name":"ezat.fun","url":"https:\/\/ezat.fun\/","logo":{"@type":"ImageObject","inLanguage":"pl-PL","@id":"https:\/\/ezat.fun\/#\/schema\/logo\/image\/","url":"https:\/\/ezat.fun\/wp-content\/uploads\/2022\/12\/cropped-logo.png","contentUrl":"https:\/\/ezat.fun\/wp-content\/uploads\/2022\/12\/cropped-logo.png","width":1200,"height":342,"caption":"ezat.fun"},"image":{"@id":"https:\/\/ezat.fun\/#\/schema\/logo\/image\/"},"sameAs":["https:\/\/www.facebook.com\/profile.php?id=100089543403265"]}]}},"_links":{"self":[{"href":"https:\/\/ezat.fun\/index.php?rest_route=\/wp\/v2\/pages\/1255"}],"collection":[{"href":"https:\/\/ezat.fun\/index.php?rest_route=\/wp\/v2\/pages"}],"about":[{"href":"https:\/\/ezat.fun\/index.php?rest_route=\/wp\/v2\/types\/page"}],"author":[{"embeddable":true,"href":"https:\/\/ezat.fun\/index.php?rest_route=\/wp\/v2\/users\/1"}],"replies":[{"embeddable":true,"href":"https:\/\/ezat.fun\/index.php?rest_route=%2Fwp%2Fv2%2Fcomments&post=1255"}],"version-history":[{"count":1,"href":"https:\/\/ezat.fun\/index.php?rest_route=\/wp\/v2\/pages\/1255\/revisions"}],"predecessor-version":[{"id":1256,"href":"https:\/\/ezat.fun\/index.php?rest_route=\/wp\/v2\/pages\/1255\/revisions\/1256"}],"wp:attachment":[{"href":"https:\/\/ezat.fun\/index.php?rest_route=%2Fwp%2Fv2%2Fmedia&parent=1255"}],"curies":[{"name":"wp","href":"https:\/\/api.w.org\/{rel}","templated":true}]}}